6?
2, 40435579
What are the prime factors of 638127204?
2, 3, 11, 13, 371869
List the prime factors of 5600885684.
2, 1621, 863801
What are the prime factors of 46642854?
2, 3, 67, 116027
What are the prime factors of 1297038618?
2, 3, 199, 362099
List the prime factors of 853205909.
107, 2791, 2857
What are the prime factors of 3053765778?
2, 3, 7, 59, 1232351
What are the prime factors of 307008991?
23, 2707, 4931
List the prime factors of 527863082.
2, 151, 1747891
List the prime factors of 726760214.
2, 883, 411529
What are the prime factors of 192347992?
2, 73, 317, 1039
List the prime factors of 1367977863.
3, 7, 83, 784841
What are the prime factors of 94273017?
3, 2657, 11827
List the prime factors of 42914005.
5, 8582801
List the prime factors of 33892055.
5, 317, 21383
List the prime factors of 550645894.
2, 4801, 57347
What are the prime factors of 331902085?
5, 66380417
List the prime factors of 1223874732.
2, 3, 101989561
What are the prime factors of 128161771?
199, 644029
List the prime factors of 2343992343.
3, 7, 11, 10147153
What are the prime factors of 2812132365?
3, 5, 7, 26782213
List the prime factors of 130604931.
3, 17, 37, 23071
What are the prime factors of 7573257?
3, 93497
What are the prime factors of 286068768?
2, 3, 1109, 2687
List the prime factors of 85916102.
2, 223, 192637
List the prime factors of 33024707.
29, 131, 8693
What are the prime factors of 121929318?
2, 3, 7, 967693
What are the prime factors of 486357445?
5, 7, 13895927
What are the prime factors of 991731773?
991731773
What are the prime factors of 231266627?
8707, 26561
What are the prime factors of 962105130?
2, 3, 5, 7, 89, 17159
List the prime factors of 822682383.
3, 37, 7411553
List the prime factors of 1125753343.
11, 13, 307, 25643
What are the prime factors of 53162947?
167, 449, 709
What are the prime factors of 2368359265?
5, 367, 1290659
List the prime factors of 260559704.
2, 43, 109, 6949
What are the prime factors of 73991448?
2, 3, 342553
List the prime factors of 66719414.
2, 47, 601, 1181
What are the prime factors of 383210555?
5, 7, 13, 163, 5167
List the prime factors of 1638807210.
2, 3, 5, 383, 47543
What are the prime factors of 1223954021?
43, 28464047
List the prime factors of 4105665257.
17, 41, 5890481
What are the prime factors of 587069479?
587069479
What are the prime factors of 893164679?
11, 157, 517177
What are the prime factors of 84867809?
13, 227, 28759
What are the prime factors of 1309673324?
2, 327418331
What are the prime factors of 38011041?
3, 173, 24413
List the prime factors of 69620464.
2, 4351279
What are the prime factors of 321298931?
321298931
What are the prime factors of 153243105?
3, 5, 29, 151, 2333
What are the prime factors of 1221514947?
3, 373, 363871
What are the prime factors of 664116624?
2, 3, 73, 21059
What are the prime factors of 187831468?
2, 11, 131, 32587
What are the prime factors of 1810632340?
2, 5, 11, 2213, 3719
List the prime factors of 416490535.
5, 2879, 28933
List the prime factors of 42472498.
2, 21236249
List the prime factors of 2148920751.
3, 17, 23, 1831987
What are the prime factors of 1085332?
2, 271333
What are the prime factors of 96586461?
3, 10731829
What are the prime factors of 2854900?
2, 5, 28549
What are the prime factors of 1137206715?
3, 5, 19, 1901, 2099
List the prime factors of 36271149.
3, 17, 61, 89, 131
List the prime factors of 1504350560.
2, 5, 101, 127, 733
What are the prime factors of 11135465?
5, 11, 293, 691
What are the prime factors of 115330556?
2, 11, 23, 113963
What are the prime factors of 90675869?
90675869
List the prime factors of 3786534093.
3, 1262178031
List the prime factors of 2303346058.
2, 13, 157, 564269
List the prime factors of 744835034.
2, 1439, 258803
What are the prime factors of 14080583?
11, 227, 5639
What are the prime factors of 791531925?
3, 5, 19, 555461
What are the prime factors of 1546272337?
1546272337
List the prime factors of 134990495.
5, 26998099
What are the prime factors of 110633827?
19, 107, 54419
What are the prime factors of 2336939944?
2, 29, 109, 92413
List the prime factors of 4029496849.
7, 109, 5281123
List the prime factors of 56588248.
2, 97, 72923
What are the prime factors of 57448783?
7, 8206969
List the prime factors of 456236371.
456236371
List the prime factors of 8001367956.
2, 3, 37, 41, 146513
List the prime factors of 35563030.
2, 5, 463, 7681
List the prime factors of 54083791.
54083791
List the prime factors of 3738611391.
3, 1246203797
List the prime factors of 374789633.
17, 109, 223, 907
What are the prime factors of 33449782?
2, 379, 44129
List the prime factors of 6653864.
2, 7, 118819
What are the prime factors of 1818742028?
2, 1489, 305363
What are the prime factors of 50432816?
2, 7, 450293
List the prime factors of 4912892716.
2, 12553, 97843
What are the prime factors of 1090619028?
2, 3, 30294973
What are the prime factors of 136744560?
2, 3, 5, 257, 739
What are the prime factors of 229806294?
2, 3, 23, 1665263
List the prime factors of 29471310.
2, 3, 5, 11, 9923
List the prime factors of 106670072.
2, 47, 283697
What are the prime factors of 3016750936?
2, 11699, 32233
What are the prime factors of 4014256393?
7, 17, 33733247
What are the prime factors of 108528387?
3, 11, 541, 6079
List the prime factors of 2236504983.
3, 821, 908041
List the prime factors of 568580384.
2, 599, 29663
What are the prime factors of 19701844?
2, 17, 289733
List the prime factors of 98492005.
5, 1039, 18959
List the prime factors of 61454116.
2, 17, 53161
What are the prime factors of 91792376?
2, 13, 809, 1091
List the prime factors of 572355376.
2, 557, 64223
List the prime factors of 646735952.
2, 40420997
List the prime factors of 124458118.
2, 31, 2007389
What are the prime factors of 3187268569?
1433, 2224193
List the prime factors of 98988740.
2, 5, 4949437
What are the prime factors of 130281851?
7, 18611693
List the prime factors of 48508209.
3, 509, 10589
What are the prime factors of 4705453319?
7, 29, 61, 379993
List the prime factors of 86904025.
5, 13, 67, 307
List the prime factors of 186709343.
186709343
List the prime factors of 145206781.
145206781
List the prime factors of 387075176.
2, 17, 31, 91811
List the prime factors of 163405284.
2, 3, 7, 1945301
What are the prime factors of 90189074?
2, 3361, 13417
What are the prime factors of 2105385644?
2, 761, 691651
List the prime factors of 46406164.
2, 7, 53, 31271
List the prime factors of 39126010.
2, 5, 7, 11, 17, 61
List the prime factors of 213192517.
47, 97, 101, 463
List the prime factors of 646468834.
2, 11, 29384947
What are the prime factors of 8093095215?
3, 5, 23, 23458247
What are the prime factors of 207320880?
2, 3, 5, 13, 66449
List the prime factors of 4703019497.
11, 1231, 347317
List the prime factors of 1235963324.
2, 47, 6574273
What are the prime factors of 32584252?
2, 2447, 3329
List the prime factors of 70415369.
70415369
List the prime factors of 462582878.
2, 231291439
List the prime factors of 53638751.
53638751
What are the prime factors of 5702042218?
2, 9281, 307189
What are the prime factors of 2204246458?
2, 24793, 44453
List the prime factors of 47904683.
1049, 45667
List the prime factors of 612702168.
2, 3, 13, 17, 71, 1627
List the prime factors of 407752080.
2, 3, 5, 1698967
List the prime factors of 491381415.
3, 5, 7, 71, 127, 173
What are the prime factors of 224891017?
13, 17299309
List the prime factors of 5336989730.
2, 5, 533698973
What are the prime factors of 132099078?
2, 3, 17, 1295089
List the prime factors of 92865994.
2, 13, 1277, 2797
What are the prime factors of 2789225912?
2, 11, 53, 71, 8423
What are the prime factors of 38785938?
2, 3, 6464323
List the prime factors of 5043690136.
2, 197, 3200311
What are the prime factors of 586057553?
586057553
What are the prime factors of 80963350?
2, 5, 13, 17, 431
What are the prime factors of 177226843?
379, 467617
List the prime factors of 1870232641.
307, 733, 8311
List the prime factors of 4488777324.
2, 3, 797, 17383
What are the prime factors of 39733127?
7, 197, 28813
What are the prime factors of 72623903?
11, 23, 151, 1901
What are the prime factors of 72242782?
2, 36121391
List the prime factors of 17128